7). Calculate the greatest common factor of 14 and t.
14
Suppose 55 = -3*t - 2*r, -8 = -4*r - 4. Let d = -12 - t. What is the greatest common factor of d and 56?
7
Let p(q) be the third derivative of q**4/24 + 4*q**3/3 - 2*q**2. Let a be p(-6). Let w be 2*(a + 6/(-4)). Calculate the highest common divisor of 4 and w.
1
Suppose 60 = 4*t + 5*o - o, 2*o - 6 = 0. Calculate the highest common factor of 8 and t.
4
Let v be 6*1/(-2)*-7. Let t = v + -14. Let l be 21*-3*(-8 + 7). What is the highest common factor of t and l?
7
Let h be 8/(2/(-76)*-2). Calculate the greatest common divisor of 19 and h.
19
Let l = 38 - 27. Calculate the highest common factor of l and 1.
1
Let p = 83 - 47. Suppose 5*l - 2*l - p = 0. Suppose 4*x + 0 - 12 = 5*y, -4*x = 3*y - l. What is the highest common divisor of x and 6?
3
Suppose -a = -2*n - 75 + 7, 0 = 3*a + n - 211. Calculate the greatest common divisor of 10 and a.
10
Let k = 3 + -2. Let g(c) = 5*c**3 + c**2 - c. Let t be g(k). Suppose t*r = r + 56. Calculate the greatest common factor of r and 7.
7
Let t be (-3)/((18/(-80))/(-3)). Let y = -20 - t. Let h = 8 - -42. Calculate the greatest common divisor of h and y.
10
Suppose -4*n - 9 + 1 = 0. Let s be 1/n - 70/(-4). What is the greatest common factor of s and 51?
17
Let h be 0 + -1 + -1 + 35. Suppose 16 + 17 = -3*u + 3*o, 5*o - 13 = -u. Let s = -4 - u. What is the greatest common factor of h and s?
3
Suppose -4*s + 44 = -0*a + 2*a, 2*s - 3*a - 30 = 0. Let l = 37 + -25. Calculate the highest common factor of l and s.
12
Suppose -4*b + 29 = 2*r - 7*b, -5*b = -2*r + 23. Calculate the highest common divisor of 133 and r.
19
Let t(m) = 10*m - 24. Let a be t(4). Calculate the highest common divisor of 2 and a.
2
Let a(k) = -k + 42. Let n be a(6). Calculate the greatest common factor of n and 72.
36
Let z be 80*((-12)/(-10))/3. Suppose p - z = -2*m, 0*p + 3*p - 96 = 3*m. Calculate the greatest common divisor of 80 and p.
16
Let o(p) = 30*p - 2. Let f(k) = k - 1. Let v(s) = 3*f(s) - o(s). Suppose c - 1 = -2. Let g be v(c). Calculate the highest common factor of 13 and g.
13
Let i = 6 - -1. Suppose -24 = -b + 32. What is the greatest common divisor of b and i?
7
Let p be (-5)/(100/64)*-10. What is the highest common divisor of 48 and p?
16
Suppose 5*s - 110 = -80. Suppose -n + 6 = -9. Calculate the greatest common factor of n and s.
3
Suppose n + y = 6, 3*y - 3 = -0*y. Calculate the greatest common factor of 35 and n.
5
Suppose 0 = x + 4*o + 108, 4*x + 3*o = o - 488. Let d = x + 184. What is the highest common divisor of d and 24?
12
Suppose 2*y - 9 = 9. Calculate the greatest common divisor of 18 and y.
9
Let w(z) = 2*z**2 + z. Let o be w(-4). Let d be (-2)/(5/(-2) + 2). Calculate the highest common divisor of d and o.
4
Let u be (2 + (4 - 3))*9. Let o = u + -5. Let z = 25 - 14. What is the highest common factor of z and o?
11
Let v be -14*(-2 + (-3)/(-2)). Suppose 25 = 5*u, -45 = -4*x - 2*u - 3*u. Let l = x - -51. What is the highest common factor of v and l?
7
Let h = 17 - 8. Let r(y) = 6*y**2 - 4*y - 3. Suppose -30 = -0*f + 5*f - 5*m, 0 = 4*f - m + 15. Let x be r(f). What is the greatest common factor of x and h?
9
Let y(z) = -z**3 - 6*z**2 - 8*z - 4. Let s be y(-6). Calculate the highest common factor of s and 11.
11
Let s(j) = -38*j - 17. Let g be s(-4). Calculate the greatest common divisor of 15 and g.
15
Suppose -4*s - 11 = 2*f + 9, 4*f + 19 = -s. Let z be ((-2)/f)/((-2)/(-16)). What is the highest common factor of 20 and z?
4
Let u(c) = c**3 - 6*c**2 + c + 8. Suppose 3*r + z - 23 = 0, 3*r + 3 + 4 = 5*z. Let t be u(r). What is the highest common divisor of t and 126?
14
Let r = -7 + 4. Let y be ((-2)/r)/(6/54). What is the greatest common factor of 42 and y?
6
Let t = 91 - 86. What is the highest common factor of t and 40?
5
Let y(u) = u**3 + 3*u**2 - 5*u + 3. Let p be y(-4). Suppose 247 = 5*n + 37. What is the highest common factor of p and n?
7
Let l(f) = -f + 22. Let v be l(3). What is the highest common factor of v and 133?
19
Suppose 50 = w + 4*w. Let j be ((-135)/w)/(2/(-12)). What is the highest common factor of j and 9?
9
Let k = 67 + -22. Let r(t) = 9*t. Let m be r(2). Calculate the greatest common divisor of m and k.
9
Let f be 26*(2 + 0/(-3)). Calculate the highest common factor of 13 and f.
13
Suppose -8 = -3*i + 4. Suppose 3*f - i*y - 533 = -2*f, 5*y - 305 = -3*f. Suppose 0 = 2*a - 179 + 95. Calculate the greatest common divisor of a and f.
21
Let j(v) = -v**2 + 4*v - 5. Let k be j(2). Let t be 507/12 - k/(-4). What is the highest common factor of t and 105?
21
Let u(l) = 2*l**2 + 14*l + 3. Let i be u(-7). Calculate the greatest common factor of 11 and i.
1
Suppose 5*d - d - 5*s = 72, -s = d - 18. What is the greatest common factor of 45 and d?
9
Let f(r) = r**3 - r**2 - r. Let x be f(2). Let a = 1 + -1. Suppose -3*o + y = -y + 5, a = -2*o - 4*y + 18. What is the highest common divisor of o and x?
1
Suppose -3*j - 3 = 0, -3*a - 3 = -2*j - 2. Let q be 0 + a + 3 + 16. Suppose 24 = 2*z - 0*z. What is the greatest common divisor of q and z?
6
Suppose 3*w - 824 = -6*g + 2*g, 4*w - 2*g = 1128. Calculate the highest common factor of 40 and w.
40
Let f(d) = -5*d - 19. Let u be f(-4). Calculate the greatest common divisor of 1 and u.
1
Let f(n) = 2*n - 5 - n**2 + n + 7*n. Let c be f(7). What is the greatest common factor of 176 and c?
16
Let x(u) = -2*u - 2. Let d be x(-3). Let r be 32*2*1/d. Let c = 66 - r. Calculate the greatest common divisor of 10 and c.
10
Suppose 2*o - 109 = -2*b + 57, 20 = -4*b. Calculate the highest common divisor of 8 and o.
8
Suppose -z + 2 + 0 = 0. Let v(q) = 4*q - 1. Let u be v(z). Let i = -22 + 43. What is the greatest common factor of u and i?
7
Let h = -92 - -100. What is the greatest common factor of 1 and h?
1
Let w be 14/18 - 1 - (-56)/9. Calculate the greatest common divisor of 18 and w.
6
Let g = 24 - 13. Let l be (605/(-10))/(-2 - (-3)/2). What is the highest common factor of g and l?
11
Let l(v) = v**3 + 8*v**2 - 8*v - 4. Let w = 3 - 11. Let y be l(w). Calculate the highest common factor of y and 12.
12
Let m = -8 + 19. What is the highest common factor of m and 11?
11
Let t = -128 + 238. Suppose -c + 3 + 8 = 0. Calculate the greatest common factor of t and c.
11
Let z be (-4)/(-2)*21/2. Let n = 0 - -2. Suppose 65 = n*s - 19. What is the highest common factor of z and s?
21
Suppose 2*x - 3*f = 5*x - 69, -2*x - f + 42 = 0. Let a(r) = 0*r - 6 + 15 + 25*r. Let q be a(8). Calculate the highest common factor of q and x.
19
Suppose -m + 7 = -25. Suppose -4*v - 244 = -5*h, -h - 45 = -2*h - 3*v. What is the greatest common divisor of h and m?
16
Suppose 4*q - 8 = 2*c, 2*c + 5*q + 0*q - 28 = 0. Let l = 4 - 2. Calculate the highest common factor of c and l.
2
Let s be (5/2)/((-1)/(-10)). What is the highest common factor of s and 10?
5
Suppose -s + 5 = -4. Suppose 0*v + 60 = u + v, 5*u - 306 = -3*v. What is the highest common factor of s and u?
9
Suppose -5*f - 4*o = -110, f - 2*o + 100 = 6*f. Let s(b) = -b**3 + 5*b**2 + 7*b + 1. Let y be s(5). What is the greatest common divisor of y and f?
18
Let o be 3/2*(1 + 41). What is the greatest common divisor of 18 and o?
9
Let l = 2 - -6. Suppose 3*f + 2*s + 0*s - 58 = 0, -5*s = -f + l. What is the highest common factor of f and 6?
6
Let g = 108 + -90. What is the greatest common divisor of 2 and g?
2
Let r = -65 + 117. Let b = 31 - 18. What is the greatest common divisor of b and r?
13
Let m = -26 + 25. Let l(w) = 26*w**2 + w + 1. Let a be l(m). What is the greatest common divisor of a and 65?
13
Suppose 2*p - 5*p + 54 = 0. Let n = 4 + 5. What is the highest common factor of p and n?
9
Let i be (-2)/(1/(-6)*1). Let y(d) = -95*d**3 - 2*d - 1. Let l = 5 + -6. Let n be y(l). Calculate the greatest common divisor of i and n.
12
Suppose h + 2 = 2*r + 4, 3*h - 17 = -5*r. Calculate the highest common factor of h and 32.
4
Suppose -13 = -6*a + 371. Calculate the highest common factor of a and 16.
16
Let v be (-4)/(8/(-34)) - -3. Calculate the greatest common factor of 50 and v.
10
Suppose -4*h + 25 + 463 = 0. Suppose 4*a - h = -2*i + a, -5*a = 0. Let b = 91 - i. Calculate the greatest common divisor of b and 12.
6
Let l(p) = 2*p**2 + 70*p - 17. Let u be l(-36). Suppose -6*g + 2*g = -44. What 